 highest common factor of z and 22?
22
Suppose -3*r - 11 = -2*z, 4*z + 0*z - r - 17 = 0. What is the highest common factor of 4 and z?
4
Let g be 0 - (-236 - (3 - 8)). Calculate the highest common divisor of 21 and g.
21
Let r be (1 - 0) + 85/5. Let b be (-1)/(-2)*2*5. Suppose 7*z = b*z + 4. Calculate the highest common divisor of r and z.
2
Suppose -5*k + 15 + 0 = 0. Suppose k*v = 4*f + 38 - 7, -2*v + 26 = -4*f. Calculate the greatest common divisor of 35 and v.
5
Let o(y) = y + 3. Suppose -5*p + 2 + 13 = 0. Let u be o(p). Suppose -33 = -3*i - 0*a + 3*a, -4*a = 20. Calculate the greatest common factor of i and u.
6
Suppose -3*f - 5*m + 455 = -0*f, 2*f - 5*m - 270 = 0. Calculate the greatest common divisor of f and 29.
29
Suppose -2 = -w + 2. Let q be (-309)/(-6) - (-1)/2. Suppose 0 = -y - 0*r - 2*r + q, -w*y + 160 = -4*r. What is the highest common divisor of 11 and y?
11
Let c be 1*-1*6 - 3. Let s(u) = -2*u - 7. Let w be s(c). Let x be (-1*w)/(6/(-18)). Calculate the greatest common factor of 11 and x.
11
Let d be 8 + -1 + 0 + -1. Suppose 5*j - 51 - 218 = -4*p, -4*j = -p - 232. Let z = j - -9. What is the greatest common divisor of z and d?
6
Let h = -13 - -4. Let z = h - -39. Calculate the greatest common factor of z and 15.
15
Let k(c) = -c**3 + 8*c**2 - 7*c - 2. Let r be k(6). What is the greatest common divisor of 56 and r?
28
Let t be 5/(10/8) + 26. Calculate the highest common factor of t and 240.
30
Suppose 3*x + 16 = 34. Calculate the greatest common factor of 24 and x.
6
Suppose 3*u = -4*r, 2*r - 4 = -4*u - 2*r. Suppose x - 2*x = -u. Suppose 4*p + 3*q + 17 - 118 = 0, 3*p + x*q = 74. What is the highest common factor of p and 39?
13
Let u = 773 - 548. Calculate the greatest common divisor of 25 and u.
25
Suppose -6*s = -3*s + 27. Let i be (s - 1)*1*-1. Suppose 0 = -2*n + 35 + 105. What is the highest common divisor of i and n?
10
Let u = 1 + -1. Let s = 48 + -44. Suppose -p + s*p - 24 = u. What is the highest common divisor of p and 40?
8
Suppose -5*d = -0*d - 15, 249 = -y + 2*d. Let n = 376 + y. Let g = n + -48. Calculate the highest common divisor of 34 and g.
17
Suppose 6*f = f. Suppose -3*z + 21 + 9 = f. What is the highest common divisor of 70 and z?
10
Let d = -12 + 17. Let p(s) = 8*s**2 + 4*s + 1. Let k be p(-2). Calculate the highest common factor of d and k.
5
Let x = 115 + -79. Calculate the greatest common factor of 24 and x.
12
Let k(c) = c**2 + 6*c + 12. Let p be k(-4). Calculate the greatest common divisor of 36 and p.
4
Suppose 33 = r + 5*m, 2*m + 31 = 2*r + r. Let f = 273 - 164. Let c = 174 - f. Calculate the highest common factor of c and r.
13
Suppose 0 = -2*t + t + 5*j + 25, 125 = 3*t - 5*j. Let a = 1 + 0. Let k be (a + 9)/(0 + 2). What is the greatest common divisor of t and k?
5
Let r(n) = 5*n**2 + 3*n + 7. Let f be r(4). Calculate the highest common divisor of 11 and f.
11
Suppose -3*o = -6*o + 9. Suppose 3*y = 6*y - 78. Suppose -i = -5*v - y, -o*i - 4*v = v + 22. What is the highest common divisor of i and 5?
1
Let t = 85 + -50. Suppose 2*f + 0*f + 5*w = t, -18 = -3*f + 4*w. Suppose 3*b = 4*b - f. What is the highest common divisor of b and 70?
10
Let f(x) = -x - 4. Let d be f(-12). What is the greatest common factor of 12 and d?
4
Suppose 3*j - 29 = -5*m + 163, 2*j + m - 135 = 0. Calculate the highest common divisor of 46 and j.
23
Let z = -29 + 41. Calculate the greatest common divisor of z and 48.
12
Let s = -1 + 2. Let a(f) = 45*f + 36*f + 18*f. Let b be a(s). Calculate the highest common divisor of 9 and b.
9
Suppose 2*i = -5*o + 6 + 10, 2*o - 16 = -4*i. Suppose 0*j - o = -j. Let x be 9/(1 - (j - 2)). What is the highest common divisor of x and 72?
9
Let s = 21 - 15. What is the highest common factor of s and 10?
2
Let a be -1 - 1/((-4)/184). Calculate the greatest common factor of 9 and a.
9
Let p(f) = 10*f**2 + 5*f + 2. Let w be p(-2). Calculate the highest common factor of w and 8.
8
Let v be 0 - (-1*(2 - 1) + -30). Calculate the highest common factor of v and 31.
31
Suppose 3*g + 41 = n, -3*n + 3*g + 100 = -29. Let t = -3 + 14. Calculate the highest common factor of n and t.
11
Suppose -24 = 2*l + 4*p, -2*p + 15 = -3*l - 5. Let h be (-4)/l*(1 - -11). Let g be 30*4*1/h. Calculate the greatest common divisor of g and 180.
20
Let d(r) = r**2 + 3*r + 1. Let z be d(-3). Let m = z + 37. Calculate the greatest common divisor of m and 57.
19
Let w be (-17)/((-17)/2) + 6. Suppose 4*s + 96 = 7*s. What is the greatest common divisor of s and w?
8
Let w be (1*-5)/((-7)/196). What is the greatest common factor of w and 20?
20
Let j(r) = r**3 - 31*r**2 - 32*r + 11. Let h be j(32). Calculate the greatest common factor of 88 and h.
11
Suppose -2*v + 2*s + 10 = 0, -5*s = -v - 2 + 3. Calculate the highest common factor of v and 6.
6
Let l(n) = n + 5. Let g be l(0). Suppose -o - g*x + 22 = 0, -3*o + 19 = 4*x - 25. What is the greatest common divisor of o and 6?
6
Let t(m) = -m**2 + 8*m - 2. Let n be t(6). Calculate the greatest common divisor of 80 and n.
10
Let f be (-2 + (-42)/(-18))*(1 - -260). Suppose -2*p = -0*p - 6, -4*c + 2*p = -110. What is the highest common divisor of c and f?
29
Let j be 44/(-6)*3/(-2). Suppose 5*r - 10 = 2*v, -5*r + 10 = 2*v - 0*v. Suppose -2*u + 2 + 0 = v. What is the greatest common divisor of u and j?
1
Suppose 5*q - 14 - 72 = 2*a, -4*a - 82 = -5*q. What is the greatest common factor of 6 and q?
6
Suppose 8*g = 3*g + 50. Let l = -23 - -63. Calculate the greatest common divisor of l and g.
10
Suppose p + 4*o - 5 = 0, 0*p + 4*p + 13 = -5*o. Let f(u) = u + 7. Let y be f(p). Suppose y = -7*n + 2*n + 45. Calculate the highest common factor of 63 and n.
9
Let l be ((-35)/14)/(3/(-78)). Calculate the highest common factor of 26 and l.
13
Let q be 2*(3 + (-12)/(-8)). Let b(s) = -7*s**3 + s**2 - 3*s - 3. Let l be b(-2). What is the greatest common divisor of q and l?
9
Let i = 4 + 3. Suppose 3*g + 2*w - i = 3, 4*w = 5*g - 46. Calculate the highest common factor of 12 and g.
6
Suppose 5*s + 49 = l, l + 3*s = 2*s + 19. Let i be 352/l*6/4. Calculate the highest common factor of 55 and i.
11
Suppose 0 = -5*f + 3*x - 45, 3*x + 32 = -2*f + 7*x. Let p = f - -24. What is the greatest common factor of 162 and p?
18
Let j = -7 + 3. Let k = j + 8. What is the highest common divisor of 6 and k?
2
Let y(x) = -2*x + 7*x + 10 - 4*x. Let a be y(-6). What is the greatest common divisor of 8 and a?
4
Suppose -f + 2*j + 23 = 0, -5*j = -f + 5*f - 105. Calculate the greatest common factor of f and 125.
25
Suppose 5*a + 5*j = j + 175, -3*j = 3*a - 108. Calculate the highest common divisor of a and 217.
31
Suppose t = -3*r - 10, -2*t + 3 = -3*r - 13. Suppose -t*i - 55 = -7*i. Calculate the greatest common factor of 11 and i.
11
Let p = -32 + 48. What is the greatest common factor of 40 and p?
8
Suppose -2*s + 10 = 0, 0*y - s + 19 = y. Calculate the greatest common divisor of y and 7.
7
Let q = -9 - -17. Let i be (18/(-15))/((-3)/30). What is the greatest common factor of i and q?
4
Let p be (-4)/(-10) - (-22)/(-55). Let r = p - -4. What is the highest common divisor of r and 44?
4
Let g(a) = -9*a. Let q be g(-7). Calculate the greatest common factor of q and 7.
7
Suppose -13 = -3*k + 23. Let z = -25 + 121. Calculate the greatest common divisor of z and k.
12
Suppose -6*i + 25 = -i. Suppose 0 = -5*s, -i = -2*j - s + 9. Calculate the highest common divisor of 7 and j.
7
Let r(k) = k**3 - 23*k**2 - 25*k + 34. Let b be r(24). What is the greatest common divisor of b and 25?
5
Let w be 31/11 - 22/(-121). Calculate the greatest common factor of 24 and w.
3
Let j be 4/(-18) + 1624/18. Calculate the highest common divisor of j and 36.
18
Let r = 0 - -3. Suppose -2*n + 4 = -d, 21 = 3*d + 2*n + r*n. Suppose -d*k - g = -22 + 4, -k + 18 = -4*g. Calculate the highest common factor of 90 and k.
10
Let c = 25 + -15. Let g be (-5)/c + (-42)/(-4). Suppose -5*o + 20 = -3*o. What is the highest common divisor of o and g?
10
Let u = 14 - 9. Suppose -9*f + 4*f = u*a - 415, 5*a - 397 = f. Calculate the highest common factor of a and 32.
16
Suppose -r - 4*r + 2*i - 8 = 0, -5*i + 20 = 3*r. Suppose 4*s - 5*s + 21 = r. What is the greatest common factor of 7 and s?
7
Let m(l) = l**3 - 4*l**2 - 8*l + 1. Let x be m(6). Let r = -3 + x. Let g = 